{"id":1100,"date":"2024-07-02T11:37:22","date_gmt":"2024-07-02T09:37:22","guid":{"rendered":"http:\/\/cateedrale.de\/startseite\/de\/cateedrale\/?page_id=1100"},"modified":"2025-10-21T16:14:42","modified_gmt":"2025-10-21T14:14:42","slug":"nasza-historia","status":"publish","type":"page","link":"https:\/\/cateedrale.de\/startseite\/de\/cateedrale\/pl\/nasza-historia\/","title":{"rendered":"Nasza historia"},"content":{"rendered":"\n<p>Sp\u00f3\u0142ka CaTeeDrale e.V. zosta\u0142a za\u0142o\u017cona w 1990 roku. Od 1993 roku stowarzyszenie dzia\u0142a jako uznana instytucja bezp\u0142atnej pomocy dla m\u0142odzie\u017cy zgodnie z \u00a7 75 SGB Vlll w zakresie profilaktycznej pracy z m\u0142odzie\u017c\u0105. W 2001 roku stowarzyszenie uzyska\u0142o sta\u0142e uznanie. Pochodz\u0105cy z ekumenicznego ruchu m\u0142odzie\u017cowego (Teaestube w G\u00f6rlitz) nosiciel widzia\u0142 swoj\u0105 rol\u0119 w promowaniu m\u0142odzie\u017cy w sferze rekreacyjnej, wspieranej wysokim stopniem samostanowienia i uczestnictwa m\u0142odzie\u017cy zgodnie z jej indywidualnymi zasobami. Do tego d\u0105\u017cenia d\u0105\u017cyli i nadal d\u0105\u017c\u0105 jego cz\u0142onkowie w\u0142a\u015bnie z do\u015bwiadcze\u0144 dyktatorskiego ruchu m\u0142odzie\u017cowego. Tradycyjna obecnie opieka nad m\u0142odzie\u017c\u0105, kt\u00f3ra musi wykonywa\u0107 prac\u0119 charytatywn\u0105, jest r\u00f3wnie\u017c zwi\u0105zana z wcze\u015bniejszymi zadaniami, kt\u00f3re wyobra\u017ca\u0142a sobie ekumeniczna herbaciarnia, odwiedzaj\u0105c najpierw osoby ch\u0119tne do wyjazdu, a nast\u0119pnie wi\u0119\u017ani\u00f3w w G\u00f6rlitzer JVA.<\/p>\n\n\n\n<p>Wspieranie krewnych i pomaganie po zwolnieniu z aresztu sta\u0142o si\u0119 po jego za\u0142o\u017ceniu zadaniem G\u00f6rlitzer Crffaliligenhilfevereines. Obecnie CaTeeDrale e.V. ograniczy\u0142o si\u0119 do opieki nad m\u0142odocianymi przest\u0119pcami, kt\u00f3rzy w klubie, domu m\u0142odzie\u017cowym, nauczyli si\u0119 rozwija\u0107 nowe perspektywy \u017cyciowe. W 1993 r. cz\u0142onkowie stowarzyszenia i m\u0142odzie\u017c rozpocz\u0119li przebudow\u0119 domu stowarzyszenia w G\u00f6rlitz z dawnego budynku warsztatowego ze \u015brodk\u00f3w w\u0142asnych i ze \u015brodk\u00f3w kraju zwi\u0105zkowego Saksonia, co zosta\u0142o zakotwiczone zobowi\u0105zaniem celowym do 2020 r. W styczniu 1996 roku otwarto Dom M\u0142odzie\u017cy przy Christoph L\u00fcders Stra\u00dfe 47 z pokojami grupowymi, biurami i wegetaria\u0144skim bistro. Jako w\u0142a\u015bciciel nieruchomo\u015bci, mo\u017cliwe jest dostosowanie si\u0119 do zmieniaj\u0105cych si\u0119 potrzeb m\u0142odzie\u017cy poprzez zabudowy i przebudowy. W 2000 r. zintegrowano spo\u0142eczny warsztat rowerowy, a w 2011 r. w wyniku projektu LAP otwarto \u015bcian\u0119 wspinaczkow\u0105 w budynku. We wsp\u00f3\u0142pracy z Jobcenter w 2013 r. m\u0142odzi bezrobotni zainstalowali na pi\u0119trze boulder tor, kt\u00f3ry umo\u017cliwia bezpieczn\u0105 wspinaczk\u0119 poziom\u0105.<\/p>\n\n\n\n<p>Wraz z zatrudnieniem m\u0119\u017cczyzny i kobiety jako personelu specjalistycznego (1995 i 1996) oraz uzyskaniem przez nich kwalifikacji zawodowych na dyplom pedagoga spo\u0142ecznego odpowiednio w 2001 i 2005 roku, stowarzyszenie profesjonalizowa\u0142o swoj\u0105 prac\u0119 na rzecz ofert zwi\u0105zanych z p\u0142ci\u0105. Obaj pracownicy s\u0105 od tego czasu niezawodnymi kontaktami dla odwiedzaj\u0105cych. Od lutego 2018 r. mo\u017cliwe by\u0142o utworzenie kolejnego stanowiska dzi\u0119ki przeniesieniu jednego specjalisty do szkolnej pracy socjalnej. W latach 2018\u20132020 w ramach odr\u0119bnego programu wsparcia utworzono dwa tymczasowe stanowiska pracy w niepe\u0142nym wymiarze godzin w celu prowadzenia kawiarni podmiejskiej. Od 2019 roku zostanie wydzier\u017cawiona pobliska dzia\u0142ka ogrodowa, a terapeutyczna wspinaczka z psychiatri\u0105 dzieci\u0119c\u0105 i m\u0142odzie\u017cow\u0105 zostanie na sta\u0142e ustanowiona.<\/p>\n\n\n\n<p>Na pocz\u0105tku 2021 r. mo\u017cliwe by\u0142o obsadzenie nowego stanowiska w niepe\u0142nym wymiarze godzin z pedagogiem zdrowia, kt\u00f3ry wcze\u015bniej pracowa\u0142 w dziedzinie opieki nad m\u0142odzie\u017c\u0105 ju\u017c od czterech lat. Zwi\u0119kszy\u0142o to skupienie si\u0119 na edukacji rodzinnej, pracy dziewcz\u0105t oraz pracy z niepe\u0142nosprawnymi dzie\u0107mi i m\u0142odzie\u017c\u0105. W czasie pandemii koronowej wypr\u00f3bowano kilka nowych sposob\u00f3w dotarcia do klient\u00f3w. Komunikacja wirtualna, kr\u00f3tkie filmy instrukta\u017cowe i filmy instrukta\u017cowe za po\u015brednictwem medi\u00f3w spo\u0142eczno\u015bciowych oraz oferty na \u015bwie\u017cym powietrzu powinny zapewnia\u0107 wsparcie oraz utrzymywa\u0107 i rozwija\u0107 kontakt. Struktura Komm przekszta\u0142ci\u0142a si\u0119 w struktur\u0119 chodz\u0105c\u0105, wychodz\u0105c\u0105 na miejsca dla dzieci i m\u0142odzie\u017cy lub powsta\u0142a rega\u0142 z ksi\u0105\u017ckami i zabawkami przy domu. Wychodz\u0105c z nowej niejasnej sytuacji, od 2021 roku oferta wspinaczkowa zosta\u0142a rozszerzona o popo\u0142udniow\u0105 akcj\u0119 na \u015bwie\u017cym powietrzu, a tak\u017ce zainicjowane i przeprowadzone rodzinne weekendy edukacyjne.<\/p>\n\n\n\n<p>W 2023 roku uda\u0142o si\u0119 ponownie zrealizowa\u0107 projekt Kindermiasto i dzi\u0119ki wsparciu os\u00f3b trzecich powsta\u0142 mobilny klub m\u0142odzie\u017cowy \u201cTiny Club\u201d. Obecnie tre\u015b\u0107 istniej\u0105cych projekt\u00f3w Domu M\u0142odzie\u017cy jest opracowywana przez trzech g\u0142\u00f3wnych pracownik\u00f3w i towarzyszy im wielu wolontariuszy.<\/p>\n","protected":false},"excerpt":{"rendered":"<p>Sp\u00f3\u0142ka CaTeeDrale e.V. zosta\u0142a za\u0142o\u017cona w 1990 roku. Od 1993 roku stowarzyszenie dzia\u0142a jako uznana instytucja bezp\u0142atnej pomocy dla m\u0142odzie\u017cy zgodnie z \u00a7 75 SGB Vlll w zakresie profilaktycznej pracy z m\u0142odzie\u017c\u0105. W 2001 roku stowarzyszenie uzyska\u0142o sta\u0142e uznanie. Pochodz\u0105cy z ekumenicznego ruchu m\u0142odzie\u017cowego (Teaestube w G\u00f6rlitz) nosiciel widzia\u0142 swoj\u0105 rol\u0119 w promowaniu m\u0142odzie\u017cy w [&hellip;]<\/p>\n","protected":false},"author":1,"featured_media":0,"parent":0,"menu_order":1,"comment_status":"closed","ping_status":"closed","template":"","meta":{"footnotes":""},"class_list":["post-1100","page","type-page","status-publish","hentry"],"_links":{"self":[{"href":"https:\/\/cateedrale.de\/startseite\/de\/cateedrale\/wp-json\/wp\/v2\/pages\/1100","targetHints":{"allow":["GET"]}}],"collection":[{"href":"https:\/\/cateedrale.de\/startseite\/de\/cateedrale\/wp-json\/wp\/v2\/pages"}],"about":[{"href":"https:\/\/cateedrale.de\/startseite\/de\/cateedrale\/wp-json\/wp\/v2\/types\/page"}],"author":[{"embeddable":true,"href":"https:\/\/cateedrale.de\/startseite\/de\/cateedrale\/wp-json\/wp\/v2\/users\/1"}],"replies":[{"embeddable":true,"href":"https:\/\/cateedrale.de\/startseite\/de\/cateedrale\/wp-json\/wp\/v2\/comments?post=1100"}],"version-history":[{"count":1,"href":"https:\/\/cateedrale.de\/startseite\/de\/cateedrale\/wp-json\/wp\/v2\/pages\/1100\/revisions"}],"predecessor-version":[{"id":1101,"href":"https:\/\/cateedrale.de\/startseite\/de\/cateedrale\/wp-json\/wp\/v2\/pages\/1100\/revisions\/1101"}],"wp:attachment":[{"href":"https:\/\/cateedrale.de\/startseite\/de\/cateedrale\/wp-json\/wp\/v2\/media?parent=1100"}],"curies":[{"name":"wp","href":"https:\/\/api.w.org\/{rel}","templated":true}]}}

<p>Spółka CaTeeDrale e.V. została założona w 1990 roku. Od 1993 roku stowarzyszenie działa jako uznana instytucja bezpłatnej pomocy dla młodzieży zgodnie z § 75 SGB Vlll w zakresie profilaktycznej pracy z młodzieżą. W 2001 roku stowarzyszenie uzyskało stałe uznanie. Pochodzący z ekumenicznego ruchu młodzieżowego (Teaestube w Görlitz) nosiciel widział swoją rolę w promowaniu młodzieży w sferze rekreacyjnej, wspieranej wysokim stopniem samostanowienia i uczestnictwa młodzieży zgodnie z jej indywidualnymi zasobami. Do tego dążenia dążyli i nadal dążą jego członkowie właśnie z doświadczeń dyktatorskiego ruchu młodzieżowego. Tradycyjna obecnie opieka nad młodzieżą, która musi wykonywać pracę charytatywną, jest również związana z wcześniejszymi zadaniami, które wyobrażała sobie ekumeniczna herbaciarnia, odwiedzając najpierw osoby chętne do wyjazdu, a następnie więźniów w Görlitzer JVA.</p>



<p>Wspieranie krewnych i pomaganie po zwolnieniu z aresztu stało się po jego założeniu zadaniem Görlitzer Crffaliligenhilfevereines. Obecnie CaTeeDrale e.V. ograniczyło się do opieki nad młodocianymi przestępcami, którzy w klubie, domu młodzieżowym, nauczyli się rozwijać nowe perspektywy życiowe. W 1993 r. członkowie stowarzyszenia i młodzież rozpoczęli przebudowę domu stowarzyszenia w Görlitz z dawnego budynku warsztatowego ze środków własnych i ze środków kraju związkowego Saksonia, co zostało zakotwiczone zobowiązaniem celowym do 2020 r. W styczniu 1996 roku otwarto Dom Młodzieży przy Christoph Lüders Straße 47 z pokojami grupowymi, biurami i wegetariańskim bistro. Jako właściciel nieruchomości, możliwe jest dostosowanie się do zmieniających się potrzeb młodzieży poprzez zabudowy i przebudowy. W 2000 r. zintegrowano społeczny warsztat rowerowy, a w 2011 r. w wyniku projektu LAP otwarto ścianę wspinaczkową w budynku. We współpracy z Jobcenter w 2013 r. młodzi bezrobotni zainstalowali na piętrze boulder tor, który umożliwia bezpieczną wspinaczkę poziomą.</p>



<p>Wraz z zatrudnieniem mężczyzny i kobiety jako personelu specjalistycznego (1995 i 1996) oraz uzyskaniem przez nich kwalifikacji zawodowych na dyplom pedagoga społecznego odpowiednio w 2001 i 2005 roku, stowarzyszenie profesjonalizowało swoją pracę na rzecz ofert związanych z płcią. Obaj pracownicy są od tego czasu niezawodnymi kontaktami dla odwiedzających. Od lutego 2018 r. możliwe było utworzenie kolejnego stanowiska dzięki przeniesieniu jednego specjalisty do szkolnej pracy socjalnej. W latach 2018–2020 w ramach odrębnego programu wsparcia utworzono dwa tymczasowe stanowiska pracy w niepełnym wymiarze godzin w celu prowadzenia kawiarni podmiejskiej. Od 2019 roku zostanie wydzierżawiona pobliska działka ogrodowa, a terapeutyczna wspinaczka z psychiatrią dziecięcą i młodzieżową zostanie na stałe ustanowiona.</p>



<p>Na początku 2021 r. możliwe było obsadzenie nowego stanowiska w niepełnym wymiarze godzin z pedagogiem zdrowia, który wcześniej pracował w dziedzinie opieki nad młodzieżą już od czterech lat. Zwiększyło to skupienie się na edukacji rodzinnej, pracy dziewcząt oraz pracy z niepełnosprawnymi dziećmi i młodzieżą. W czasie pandemii koronowej wypróbowano kilka nowych sposobów dotarcia do klientów. Komunikacja wirtualna, krótkie filmy instruktażowe i filmy instruktażowe za pośrednictwem mediów społecznościowych oraz oferty na świeżym powietrzu powinny zapewniać wsparcie oraz utrzymywać i rozwijać kontakt. Struktura Komm przekształciła się w strukturę chodzącą, wychodzącą na miejsca dla dzieci i młodzieży lub powstała regał z książkami i zabawkami przy domu. Wychodząc z nowej niejasnej sytuacji, od 2021 roku oferta wspinaczkowa została rozszerzona o popołudniową akcję na świeżym powietrzu, a także zainicjowane i przeprowadzone rodzinne weekendy edukacyjne.</p>



<p>W 2023 roku udało się ponownie zrealizować projekt Kindermiasto i dzięki wsparciu osób trzecich powstał mobilny klub młodzieżowy “Tiny Club”. Obecnie treść istniejących projektów Domu Młodzieży jest opracowywana przez trzech głównych pracowników i towarzyszy im wielu wolontariuszy.</p>

<p>Spółka CaTeeDrale e.V. została założona w 1990 roku. Od 1993 roku stowarzyszenie działa jako uznana instytucja bezpłatnej pomocy dla młodzieży zgodnie z § 75 SGB Vlll w zakresie profilaktycznej pracy z młodzieżą. W 2001 roku stowarzyszenie uzyskało stałe uznanie. Pochodzący z ekumenicznego ruchu młodzieżowego (Teaestube w Görlitz) nosiciel widział swoją rolę w promowaniu młodzieży w [&hellip;]</p>
